{"id":1233,"date":"2019-05-23T12:59:50","date_gmt":"2019-05-23T12:59:50","guid":{"rendered":"https:\/\/a2mi-49.fr\/?page_id=1233"},"modified":"2019-05-27T10:18:11","modified_gmt":"2019-05-27T10:18:11","slug":"longchamp","status":"publish","type":"page","link":"https:\/\/a2mi-49.fr\/?page_id=1233","title":{"rendered":"LONGCHAMP"},"content":{"rendered":"<section class=\"kc-elm kc-css-945872 kc_row\"><div class=\"kc-row-container  kc-container\"><div class=\"kc-wrap-columns\"><div class=\"kc-elm kc-css-930270 kc_column kc_col-sm-12\"><div class=\"kc-col-container\"><div class=\"kc-elm kc-css-95747\" style=\"height: 20px; clear: both; width:100%;\"><\/div><div class=\"kc-elm kc-css-211849 kc_shortcode kc_single_image\">\n\n        <img decoding=\"async\" src=\"https:\/\/a2mi-49.fr\/wp-content\/uploads\/2019\/01\/Longchamp-e1556870555586.jpg\" class=\"\" alt=\"\" \/>    <\/div>\n<div class=\"kc-elm kc-css-585083\" style=\"height: 20px; clear: both; width:100%;\"><\/div><div class=\"kc-elm kc-css-929066 kc_text_block\"><\/p>\n<h2>Entre Longchamp et A2MI, de longues ann\u00e9es de collaboration.<br \/><\/h2>\n<\/p>\n<p>\n<\/div><div class=\"kc-elm kc-css-499033 kc_text_block\"><\/p>\n<blockquote>\n<p style=\"margin-bottom: 0cm\">Depuis 2002, nous travaillons r\u00e9guli\u00e8rement avec A2MI pour nos diff\u00e9rents sites de Production.<br \/>Nous pouvons compter sur leur r\u00e9activit\u00e9 dans le domaine de la maintenance, mais aussi dans la conception et la<br \/>r\u00e9alisation de diverses tables et outils pour tous nos ateliers.<br \/>Depuis toutes ces ann\u00e9es, ils ont su \u00eatre \u00e0 l&rsquo;\u00e9coute et un lien de confiance, tant professionnel que personnel, s&rsquo;est cr\u00e9\u00e9.<\/p>\n<\/blockquote>\n<p>\n<\/div><div class=\"kc-elm kc-css-46139\" style=\"height: 20px; clear: both; width:100%;\"><\/div><div class=\"kc-elm kc-css-672702 kc_row kc_row_inner\"><div class=\"kc-elm kc-css-206109 kc_col-sm-4 kc_column_inner kc_col-sm-4\"><div class=\"kc_wrapper kc-col-inner-container\"><\/div><\/div><div class=\"kc-elm kc-css-102454 kc_col-sm-4 kc_column_inner kc_col-sm-4\"><div class=\"kc_wrapper kc-col-inner-container\"><\/div><\/div><div class=\"kc-elm kc-css-236825 kc_col-sm-4 kc_column_inner kc_col-sm-4\"><div class=\"kc_wrapper kc-col-inner-container\"><div class=\"kc-elm kc-css-806054 kc_text_block\"><\/p>\n<p><span style=\"font-style: inherit;\">M. Albin De Mac\u00e9do,<\/span><\/p>\n<p><span style=\"font-style: inherit;\">Responsable logistique<br \/><\/span><\/p>\n<\/p>\n<p>\n<\/div><\/div><\/div><\/div><\/div><\/div><\/div><\/div><\/section>\n","protected":false},"excerpt":{"rendered":"","protected":false},"author":2,"featured_media":0,"parent":0,"menu_order":0,"comment_status":"closed","ping_status":"closed","template":"tpl-king_composer.php","meta":{"_exactmetrics_skip_tracking":false,"_exactmetrics_sitenote_active":false,"_exactmetrics_sitenote_note":"","_exactmetrics_sitenote_category":0,"footnotes":""},"_links":{"self":[{"href":"https:\/\/a2mi-49.fr\/index.php?rest_route=\/wp\/v2\/pages\/1233"}],"collection":[{"href":"https:\/\/a2mi-49.fr\/index.php?rest_route=\/wp\/v2\/pages"}],"about":[{"href":"https:\/\/a2mi-49.fr\/index.php?rest_route=\/wp\/v2\/types\/page"}],"author":[{"embeddable":true,"href":"https:\/\/a2mi-49.fr\/index.php?rest_route=\/wp\/v2\/users\/2"}],"replies":[{"embeddable":true,"href":"https:\/\/a2mi-49.fr\/index.php?rest_route=%2Fwp%2Fv2%2Fcomments&post=1233"}],"version-history":[{"count":7,"href":"https:\/\/a2mi-49.fr\/index.php?rest_route=\/wp\/v2\/pages\/1233\/revisions"}],"predecessor-version":[{"id":1304,"href":"https:\/\/a2mi-49.fr\/index.php?rest_route=\/wp\/v2\/pages\/1233\/revisions\/1304"}],"wp:attachment":[{"href":"https:\/\/a2mi-49.fr\/index.php?rest_route=%2Fwp%2Fv2%2Fmedia&parent=1233"}],"curies":[{"name":"wp","href":"https:\/\/api.w.org\/{rel}","templated":true}]}}